 - 4*v - 1/4*v**4 - 7. What is the units digit of q(5)?
1
Let x = 51 - 49. Suppose 184 = 4*l - 5*c, -4*c = x*l + 2*l - 148. What is the tens digit of l?
4
Suppose -17*x - 12179 + 45176 = 0. What is the units digit of x?
1
Let w = 38 - 30. Let h(b) = b**3 - 7*b**2 - 2*b + 4. What is the units digit of h(w)?
2
Suppose -8 = -4*q - q + 3*i, 0 = -4*q - 4*i + 32. Suppose q*c = 3*k + 377, 0*c + 5*c - 5*k = 465. What is the units digit of c?
8
Let h be (-2)/(-6)*(-11 - (6 - 2)). What is the units digit of (-17)/((h/(-5))/(-16))?
2
Let z(s) = 7*s - 13. Let v(b) = 14*b - 26. Let n(l) = -2*v(l) + 5*z(l). What is the tens digit of n(8)?
4
Let t(a) = 17*a - 12. Let z be t(-4). What is the tens digit of (2/(-2))/1 - z?
7
Suppose 15*o = 14*o + 1499. What is the thousands digit of o?
1
Let g(u) = -46*u + 7. Let h be -4 + 5/5 + -2. What is the tens digit of g(h)?
3
Let x = -876 + 2873. What is the tens digit of x?
9
Suppose 0 = -2*c - 3*c - 45. Let q = c - -9. Suppose -4*g + 29 + 7 = q. What is the units digit of g?
9
Suppose 8*j - 10*j = 3*u - 873, 0 = -5*j + 3*u + 2130. What is the tens digit of j?
2
Let s be (10/8)/(2/8). Suppose 0 = 2*j + j + c - 13, 3*c - 3 = 0. Suppose 3*v + j*n + 10 = 2*v, -5*v = -s*n - 25. What is the units digit of v?
2
Let h = -43 - -49. Let v = 129 + h. What is the units digit of v?
5
Suppose 5*f = 3*j - 154 - 42, 4*j - f = 284. What is the tens digit of j?
7
Let b be -2*(0/1 + -2 + 1). Suppose -b = -2*d + z, -z - 2 = -2*d - 3*z. What is the units digit of d?
1
Let w = 59 + -58. What is the units digit of (w - (1 - -1)) + (-1 - -16)?
4
Let s(d) = -2*d - 23. Let o be s(-14). Suppose o*i - 2*g - 375 = 0, i - 3*g - g - 75 = 0. What is the tens digit of i?
7
Suppose -56 = -2*z + 4*f, -2*z + 26 = -3*f - 26. Let i be (-2)/(-1)*z/8. Suppose -15 - 25 = -i*n. What is the units digit of n?
8
Let h = 2278 - 530. What is the tens digit of h?
4
Suppose 11*o - 192 = 3*o. What is the units digit of (o/14)/((-216)/(-210) + -1)?
0
Let d(x) = -2*x - 3*x - 2 + 6. What is the tens digit of d(-2)?
1
What is the tens digit of (4/6)/((-24)/(-25308))?
0
Suppose -2*u = -u + 251. Let y = u + 459. What is the tens digit of y?
0
Let p(x) = 5*x - 2. Let g be p(1). Let r = g - 7. Let y(k) = -3*k - 3. What is the units digit of y(r)?
9
Suppose -141*g = -121*g - 26920. What is the tens digit of g?
4
What is the hundreds digit of (-26598)/2387*31*(0 + -7)?
4
Suppose 4*h - 6 = -2*t, h + 0*h + 2 = 3*t. Suppose -f + h = -0. What is the units digit of f?
1
Suppose 0 = 8*a - 11505 - 7255. What is the hundreds digit of a?
3
What is the hundreds digit of (-10)/(-140)*2*3199?
4
Suppose -3*y + 16 + 2 = 0. Suppose -q + y = 2*q. Suppose 22 = -0*j + q*j + 4*p, 3*j - p = 12. What is the units digit of j?
5
Let n = -17 + 15. What is the tens digit of (6 - -21) + -2 + n?
2
Suppose -2*g + 5*b + 1189 = 0, b + 785 = 5*g - 2130. What is the tens digit of g?
8
Suppose -642 = -s - 2*f, -s = -5*s + 4*f + 2532. What is the units digit of s?
6
Suppose 0 = -16*v + 17*v - 56. Let g = v + -34. What is the units digit of g?
2
Let a(h) = 2*h + 16. Let n be a(-8). Suppose n = -5*w + 249 + 86. What is the tens digit of w?
6
Let x(i) = 10*i + 3. Let o = -4 - -5. What is the tens digit of x(o)?
1
Let a(i) = i**3 + i + 1. Let m(u) = 7*u**3 + 4*u - 2. Let l(z) = -6*a(z) + m(z). What is the units digit of l(4)?
8
Let x(k) = 5*k**3 - 2*k**2. Let j be x(2). Let s = -29 + j. What is the units digit of s?
3
Let b(f) = f - 8. Let a be b(9). What is the units digit of 7 + (1 - a) + -4?
3
Let b = -58 + 289. What is the tens digit of b?
3
Let o(f) = 48*f - 171. What is the units digit of o(11)?
7
Let h be -1 - 3/2*-2. Let p = 43 + -28. Suppose -h*b = b - p. What is the units digit of b?
5
Let u be (97/(-3))/(1/(-3)). Let p = u - 37. Suppose 2*m = -3*m + p. What is the units digit of m?
2
Suppose -4*n + 1476 = 368. What is the tens digit of n?
7
Let k(j) = -5*j**3 - 2*j**2 + 3*j + 2. Let r be k(-2). Suppose -3*h + 5*x = -46, 0 = -4*h + x + 56 + r. Suppose 113 = 5*s - h. What is the tens digit of s?
2
Let l(b) = -699*b + 162. What is the hundreds digit of l(-2)?
5
Let t be 1*-1*(3 + -7). Suppose 0 = 4*d - 2*g + 28, -5*d - g - 37 = -t*g. What is the tens digit of (d + 1)*38/(-8)?
1
Let y be (-1)/(3 + 20/(-6)). Suppose -y*b - b = -q - 25, 3*q + 4*b - 5 = 0. Let x(z) = -4*z + 5. What is the units digit of x(q)?
5
Suppose 2*z = u + 16, -4*z - 1 = -3*z + 4*u. Suppose 3*k - 9 = -3*l, -5*k - 3 = -4*l - 0. What is the tens digit of 7/(z/3 - l)?
2
Let g(l) = l**3 + 1. Let w be g(-1). Suppose -3*s - 68 - 58 = w. What is the units digit of s*-2*(-1)/(-6)?
4
Let a(s) be the second derivative of 10*s + s**2 - 7*s - 3*s**2 + s**3. What is the units digit of a(3)?
4
Let f = -59 + 63. Suppose k - 10 = -4*k, -2*b + f*k + 54 = 0. What is the tens digit of b?
3
Let k(i) = 1 - 12 - i + 14*i - i**2. Let v be ((-11)/(-7))/((-4)/(-28)). What is the units digit of k(v)?
1
Let l be ((-9)/(-4))/(12/(-32)). Let p = -20 + 11. Let y = l - p. What is the units digit of y?
3
Let m = -42 + 78. Let c be 76/3 - (-6)/9. Let p = m + c. What is the tens digit of p?
6
Let b(q) = -10 + 2*q - 10*q + 4*q. Let l(f) = -f**2 - 5*f - 3. Let n be l(-6). What is the tens digit of b(n)?
2
Let p(y) = 15*y**3 - 2*y**2 - 2*y - 1. Let m = 27 + -28. Let h be p(m). What is the tens digit of 3*(3 - h/6)?
1
Let w(l) = l**2 + 9*l - 25. What is the units digit of w(8)?
1
Let w be ((-16)/(-32))/(1/182). Let s(t) = 13*t - 5. Let i be s(5). Let q = w - i. What is the units digit of q?
1
Let o = 95 - 93. Suppose 798 = 4*m + o*d, -993 = -5*m - 0*d + 2*d. What is the hundreds digit of m?
1
Let k = -16 - -19. Suppose a = -5*h + 208 - 53, -k*h = -2*a - 80. Let p = h - 14. What is the tens digit of p?
1
Let a be (-1)/((-5)/(-10)) + 2. Let g be (-12 - a) + (-15)/(-5). What is the units digit of 1062/30 + g/(-15)?
6
Let x(i) = i**3 - 17*i**2 - 7. Let t be x(18). Suppose -6*o - t = -3*l - o, 2*l = 3*o + 212. What is the tens digit of l?
0
Suppose -33*m = -30*m - 21. Let u(p) = p**2 + 2*p + 5. What is the tens digit of u(m)?
6
Let g(o) = 5*o**2 - o + 1. Let j be g(1). Suppose 204 = j*i - 3*i. What is the tens digit of i?
0
Suppose 0 = -n - 3*p + 7, 5*p - 4 - 7 = -n. What is the units digit of (-1)/4 + (n - 699/(-12))?
9
Let c(s) = 26*s - 12. Let f be c(4). Let z = f + 4. What is the units digit of z?
6
Let l(o) be the second derivative of -o**5/10 - 2*o**4/3 + o**3/6 - 10*o**2 - 14*o. What is the hundreds digit of l(-6)?
1
Suppose 2*q + 2*q = 12. Suppose 5*o - 2*z = -28, 3*o + 2*z + 7 = q. What is the tens digit of ((-2)/o)/((-2)/(-44))?
1
Let j be (-2639)/56 + 3/24. Let u = 110 + j. What is the units digit of u?
3
Suppose -25*j + 34*j - 2979 = 0. Let l = -142 + j. What is the hundreds digit of l?
1
What is the tens digit of 1341/(-5 + 39*(-2)/(-12))?
9
Suppose 0 = 2*z + 11*z - 9503. What is the units digit of z?
1
Suppose -6*x = -0*x - 30. Suppose -x*y + 20 = -3*y + 2*k, 5*k = 15. What is the units digit of y?
7
Let i = -30 + 33. Suppose i*c - 184 - 107 = 0. What is the tens digit of c?
9
Suppose -5*m = 5*l - 1830, -2*m = -l - 4*l + 1802. What is the hundreds digit of l?
3
Let z(h) = 97*h - 62. Let a(v) = 146*v - 93. Let t(c) = -5*a(c) + 7*z(c). What is the tens digit of t(-4)?
3
Let i(o) = o**3 + 8*o**2 - o**2 + 2*o**2 - 2 + 9 + 10*o. Let m = -21 - -15. What is the tens digit of i(m)?
5
What is the hundreds digit of (-1542)/(12 - 13) + -8?
5
Suppose -428 = -w - 4*r + r, -4*w - r + 1701 = 0. What is the units digit of (w/(-68))/(2/(-8))?
5
Suppose 0 = 57*h - 11*h - 132250. What is the thousands digit of h?
2
Let a(x) = 34*x**2 - x. Let h be a(-1). Suppose 0*m = 5*m - 2*u - 10, 3*u + 15 = 3*m. Let v = m + h. What is the tens digit of v?
3
What is the hundreds digit of ((-4)/10)/((24/(-5080))/3)?
2
Let g(h) = -h**2 + 12*h + 4. Let t = 9 + -6. Suppose 0 = -t*k - 3 + 36. What is the tens digit of g(k)?
1
Suppose 0 = 6*k + k - 14. Let h be (-9)/2*16/(-2). Suppose -h = -0*n - k*n. What is the units digit of n?
8
Let p(t) = -t**2 + 9*t - 5. Let m be p(2). Suppose 5*l = 5*r - 20, l = -4*r + m + 7. Suppose -2*q + 5*q - 39 = l. What is the units digit of q?
3
Let s be 112 + 3 - 3*1/3. What is the tens digit of (-1 - 2) + 0 + s + 5?
1
Let p(y) = 20*y**2 + 2*y + 9. What is the tens dig